alculate the remainder when 93479 is divided by 246.
245
Calculate the remainder when 380690 is divided by 92.
86
Calculate the remainder when 99936 is divided by 36.
0
Calculate the remainder when 289803 is divided by 96595.
18
What is the remainder when 1034 is divided by 23?
22
What is the remainder when 49796 is divided by 2926?
54
Calculate the remainder when 1691419 is divided by 519.
517
What is the remainder when 2730 is divided by 82?
24
What is the remainder when 1414871 is divided by 12?
11
Calculate the remainder when 188414 is divided by 62802.
8
Calculate the remainder when 926345 is divided by 955.
950
What is the remainder when 20153 is divided by 5?
3
What is the remainder when 39032 is divided by 1167?
521
What is the remainder when 228648 is divided by 76214?
6
Calculate the remainder when 18226 is divided by 10.
6
What is the remainder when 97652 is divided by 8137?
8
Calculate the remainder when 216196 is divided by 172.
164
What is the remainder when 17616 is divided by 1041?
960
What is the remainder when 25168 is divided by 434?
430
What is the remainder when 36283 is divided by 6046?
7
What is the remainder when 229 is divided by 78?
73
What is the remainder when 490834 is divided by 5?
4
Calculate the remainder when 3315 is divided by 3233.
82
What is the remainder when 30079 is divided by 80?
79
What is the remainder when 137799 is divided by 40?
39
What is the remainder when 61422 is divided by 992?
910
Calculate the remainder when 4545 is divided by 87.
21
What is the remainder when 142703 is divided by 20385?
8
What is the remainder when 79712 is divided by 219?
215
What is the remainder when 45318 is divided by 197?
8
What is the remainder when 163181 is divided by 217?
214
What is the remainder when 6647 is divided by 34?
17
Calculate the remainder when 238288 is divided by 507.
505
Calculate the remainder when 35733 is divided by 17786.
161
What is the remainder when 349 is divided by 293?
56
What is the remainder when 1911 is divided by 498?
417
Calculate the remainder when 1834124 is divided by 14.
12
What is the remainder when 1227 is divided by 16?
11
Calculate the remainder when 6420 is divided by 358.
334
Calculate the remainder when 2096 is divided by 514.
40
Calculate the remainder when 17224 is divided by 3442.
14
Calculate the remainder when 5135 is divided by 57.
5
Calculate the remainder when 9325 is divided by 301.
295
Calculate the remainder when 64698 is divided by 23.
22
Calculate the remainder when 1480 is divided by 724.
32
Calculate the remainder when 375540 is divided by 187758.
24
What is the remainder when 36029 is divided by 539?
455
What is the remainder when 428 is divided by 283?
145
Calculate the remainder when 44545 is divided by 22269.
7
Calculate the remainder when 12773 is divided by 854.
817
Calculate the remainder when 55800 is divided by 468.
108
What is the remainder when 30224 is divided by 5?
4
Calculate the remainder when 8554 is divided by 926.
220
What is the remainder when 46605 is divided by 59?
54
What is the remainder when 5535 is divided by 404?
283
What is the remainder when 1832244 is divided by 943?
938
What is the remainder when 14132 is divided by 1413?
2
What is the remainder when 550466 is divided by 307?
15
Calculate the remainder when 29480 is divided by 150.
80
What is the remainder when 24189 is divided by 47?
31
Calculate the remainder when 7753 is divided by 311.
289
Calculate the remainder when 308426 is divided by 154185.
56
What is the remainder when 9410 is divided by 3119?
53
Calculate the remainder when 7953 is divided by 2650.
3
Calculate the remainder when 6228 is divided by 934.
624
What is the remainder when 195534 is divided by 151?
140
What is the remainder when 274536 is divided by 45756?
0
Calculate the remainder when 34040 is divided by 17017.
6
What is the remainder when 848768 is divided by 7?
4
What is the remainder when 20260 is divided by 1070?
1000
Calculate the remainder when 1839092 is divided by 459773.
0
Calculate the remainder when 407469 is divided by 187.
183
Calculate the remainder when 42387 is divided by 110.
37
What is the remainder when 76794 is divided by 1669?
20
Calculate the remainder when 259077 is divided by 17.
14
What is the remainder when 516894 is divided by 16?
14
What is the remainder when 7143 is divided by 1072?
711
Calculate the remainder when 82579 is divided by 558.
553
What is the remainder when 433 is divided by 3?
1
Calculate the remainder when 8893 is divided by 989.
981
Calculate the remainder when 3055 is divided by 751.
51
What is the remainder when 87045 is divided by 33?
24
What is the remainder when 125254 is divided by 269?
169
Calculate the remainder when 3463 is divided by 3379.
84
Calculate the remainder when 35987 is divided by 1893.
20
What is the remainder when 8307 is divided by 8288?
19
What is the remainder when 1287152 is divided by 95?
92
Calculate the remainder when 26047 is divided by 27.
19
What is the remainder when 188169 is divided by 811?
17
Calculate the remainder when 334342 is divided by 5307.
1
What is the remainder when 3770757 is divided by 840?
837
What is the remainder when 168263 is divided by 84129?
5
Calculate the remainder when 2897 is divided by 477.
35
Calculate the remainder when 35902 is divided by 188.
182
Calculate the remainder when 25360 is divided by 26.
10
What is the remainder when 904118 is divided by 301370?
8
What is the remainder when 2189043 is divided by 572?
571
What is the remainder when 1165030 is divided by 12?
10
What is the remainder when 993 is divided by 272?
177
Calculate the remainder when 65678 is divided by 77.
74
What is the remainder when 182345 is divided by 428?
17
What is the remainder when 72814 is divided by 1194?
1174
Calculate the remainder when 2264 is divided by 42.
38
Calculate the remainder when 337621 is divided by 48229.
18
What is the remainder when 4691 is divided by 1560?
11
What is the remainder when 78609 is divided by 128?
17
What is the remainder when 28730 is divided by 28718?
12
What is the remainder when 155615 is divided by 47?
45
Calculate the remainder when 1663 is divided by 376.
159
Calculate the remainder when 2569 is divided by 637.
21
What is the remainder when 2234 is divided by 44?
34
What is the remainder when 2848 is divided by 89?
0
What is the remainder when 1792258 is divided by 46?
6
Calculate the remainder when 19759 is divided by 58.
39
What is the remainder when 12786 is divided by 202?
60
Calculate the remainder when 32473 is divided by 2951.
12
What is the remainder when 14277 is divided by 2855?
2
Calculate the remainder when 1586899 is divided by 5491.
0
What is the remainder when 243307 is divided by 40537?
85
Calculate the remainder when 6012 is divided by 51.
45
Calculate the remainder when 52821 is divided by 154.
153
What is the remainder when 18255 is divided by 57?
15
Calculate the remainder when 9350 is divided by 767.
146
What is the remainder when 487 is divided by 2?
1
Calculate the remainder when 9757 is divided by 540.
37
What is the remainder when 12087 is divided by 168?
159
What is the remainder when 96560 is divided by 49?
30
Calculate the remainder when 27600 is divided by 6896.
16
What is the remainder when 6827 is divided by 324?
23
Calculate the remainder when 3861 is divided by 762.
51
What is the remainder when 111685 is divided by 84?
49
Calculate the remainder when 162 is divided by 51.
9
What is the remainder when 322368 is divided by 21?
18
What is the remainder when 6108 is divided by 1018?
0
What is the remainder when 35004 is divided by 103?
87
Calculate the remainder when 43700 is divided by 223.
215
Calculate the remainder when 1412 is divided by 24.
20
What is the remainder when 6594608 is divided by 43?
42
Calculate the remainder when 7384 is divided by 1845.
4
What is the remainder when 7673 is divided by 118?
3
What is the remainder when 36340 is divided by 263?
46
What is the remainder when 10539 is divided by 29?
12
What is the remainder when 4846 is divided by 807?
4
What is the remainder when 3750 is divided by 1050?
600
What is the remainder when 110024 is divided by 19?
14
What is the remainder when 36439 is divided by 93?
76
What is the remai